{"id":10,"date":"2026-03-03T00:52:54","date_gmt":"2026-03-02T23:52:54","guid":{"rendered":"https:\/\/www.inspirations-equestres.fr\/?page_id=10"},"modified":"2026-04-03T14:50:11","modified_gmt":"2026-04-03T12:50:11","slug":"a-propos","status":"publish","type":"page","link":"https:\/\/www.inspirations-equestres.fr\/index.php\/a-propos\/","title":{"rendered":"A propos"},"content":{"rendered":"\n<div class=\"wp-block-group alignwide has-global-padding is-content-justification-center is-layout-constrained wp-block-group-is-layout-constrained\" style=\"min-height:416px\">\n<p class=\"has-text-align-left has-medium-font-size wp-container-content-9cfa9a5a\">Inspirations Equestres est un projet n\u00e9 suite \u00e0 la convergence de mes passions, en accord avec mes aspirations profondes.<br><br>Gr\u00e2ce \u00e0 des exp\u00e9riences professionnelles vari\u00e9es, \u00e0 la richesse de rencontres humaines et \u00e9quines, et surtout de mon cheminement int\u00e9rieur.<\/p>\n\n\n\n<figure class=\"wp-block-image aligncenter size-full is-resized has-custom-border is-style-default wp-container-content-9cfa9a5a\" style=\"margin-top:var(--wp--preset--spacing--40);margin-bottom:var(--wp--preset--spacing--40)\"><img alt=\"\" loading=\"lazy\" decoding=\"async\" width=\"799\" height=\"529\" src=\"https:\/\/www.inspirations-equestres.fr\/wp-content\/uploads\/2026\/03\/DSC_4808_edited.png\" alt=\"\" class=\"wp-image-50\" style=\"border-width:5px;border-top-left-radius:0px;border-top-right-radius:0px;border-bottom-left-radius:0px;border-bottom-right-radius:0px;aspect-ratio:1.5104281009879255;object-fit:cover;width:450px\" srcset=\"https:\/\/www.inspirations-equestres.fr\/wp-content\/uploads\/2026\/03\/DSC_4808_edited.png 799w, https:\/\/www.inspirations-equestres.fr\/wp-content\/uploads\/2026\/03\/DSC_4808_edited-300x199.png 300w, https:\/\/www.inspirations-equestres.fr\/wp-content\/uploads\/2026\/03\/DSC_4808_edited-768x508.png 768w\" sizes=\"auto, (max-width: 799px) 100vw, 799px\" \/><\/figure>\n\n\n\n<p>\u200b<\/p>\n<\/div>\n\n\n\n<div class=\"wp-block-group alignfull has-global-padding is-layout-constrained wp-container-core-group-is-layout-12243e0f wp-block-group-is-layout-constrained\">\n<div class=\"wp-block-columns alignwide is-layout-flex wp-container-core-columns-is-layout-28f84493 wp-block-columns-is-layout-flex\">\n<div class=\"wp-block-column is-layout-flow wp-block-column-is-layout-flow\" style=\"flex-basis:100%\">\n<p class=\"has-text-align-center has-large-font-size\"><mark style=\"background-color:#62a5cc;color:#FFFFFF\" class=\"has-inline-color\">\u200bMon parcours<\/mark><\/p>\n\n\n\n<p class=\"has-text-align-center is-style-default has-medium-font-size\">Passionn\u00e9e par les chevaux depuis l\u2019enfance, j\u2019ai suivi un cursus d\u2019\u00e9quitation classique dans un centre \u00e9questre militaire. A cette p\u00e9riode, j&rsquo;ai pratiqu\u00e9 la comp\u00e9tition de saut d&rsquo;obstacle.<\/p>\n\n\n\n<p><\/p>\n\n\n\n<p class=\"has-text-align-center has-medium-font-size\">\u00c0 12 ans, Janouk, mon premier cheval, est entr\u00e9 dans ma vie. Il m\u2019a aid\u00e9e \u00e0 passer le cap de l\u2019adolescence. La randonn\u00e9e \u00e9tait notre discipline principale, nous avons parcourus de nombreux kilom\u00e8tres ensemble !<\/p>\n\n\n\n<p><\/p>\n\n\n\n<figure class=\"wp-block-image aligncenter size-full is-resized has-custom-border\" style=\"margin-top:0;margin-right:0;margin-bottom:0;margin-left:0\"><img alt=\"\" loading=\"lazy\" decoding=\"async\" width=\"354\" height=\"437\" src=\"https:\/\/www.inspirations-equestres.fr\/wp-content\/uploads\/2026\/03\/DSC_66062_edited.png\" alt=\"\" class=\"wp-image-157\" style=\"border-width:5px;aspect-ratio:0.8210298883687432;width:219px;height:auto\" srcset=\"https:\/\/www.inspirations-equestres.fr\/wp-content\/uploads\/2026\/03\/DSC_66062_edited.png 354w, https:\/\/www.inspirations-equestres.fr\/wp-content\/uploads\/2026\/03\/DSC_66062_edited-243x300.png 243w\" sizes=\"auto, (max-width: 354px) 100vw, 354px\" \/><\/figure>\n\n\n\n<p><\/p>\n\n\n\n<p class=\"has-text-align-center has-medium-font-size\"><br>\u00c0 19 ans, j\u2019ai obtenu mon BPJEPS, mention Tourisme \u00c9questre. J\u2019ai ensuite travaill\u00e9 deux ann\u00e9es en Maison Familiale Rurale, puis quatre ans en centre \u00e9questre. Ces exp\u00e9riences m\u2019ont permis de valider une seconde mention \u00e0 mon BPJEPS : \u00c9quitation. C\u2019est \u00e9galement \u00e0 cette p\u00e9riode que Brisepierre &#8211; ma jument &#8211;&nbsp; est entr\u00e9e dans la famille.<\/p>\n\n\n\n<p class=\"has-text-align-center has-medium-font-size\">\u200bEgalement passionn\u00e9e par les disciplines artistiques telles que la danse et la musique, j\u2019ai pu r\u00e9unir ces trois univers en int\u00e9grant une compagnie de spectacle \u00e9questre.<\/p>\n\n\n\n<p><\/p>\n\n\n\n<figure class=\"wp-block-image aligncenter size-large is-resized has-custom-border is-style-default\" style=\"margin-top:0;margin-right:0;margin-bottom:0;margin-left:0\"><img alt=\"\" loading=\"lazy\" decoding=\"async\" width=\"338\" height=\"580\" src=\"https:\/\/www.inspirations-equestres.fr\/wp-content\/uploads\/2026\/03\/275f42_605073d244084f5ab34e5afc97b43a7amv2.png\" alt=\"\" class=\"wp-image-163\" style=\"border-width:5px;border-top-left-radius:0px;border-top-right-radius:0px;border-bottom-left-radius:0px;border-bottom-right-radius:0px;aspect-ratio:0.6003554736357054;width:227px;height:auto\" srcset=\"https:\/\/www.inspirations-equestres.fr\/wp-content\/uploads\/2026\/03\/275f42_605073d244084f5ab34e5afc97b43a7amv2.png 338w, https:\/\/www.inspirations-equestres.fr\/wp-content\/uploads\/2026\/03\/275f42_605073d244084f5ab34e5afc97b43a7amv2-175x300.png 175w\" sizes=\"auto, (max-width: 338px) 100vw, 338px\" \/><\/figure>\n\n\n\n<p><\/p>\n\n\n\n<p class=\"has-text-align-center has-medium-font-size\">\u00c0 25 ans, une phase de questionnements m\u2019a conduite \u00e0 quitter le monde professionnel du cheval. J\u2019ai toutefois continu\u00e9 \u00e0 me former et \u00e0 poursuivre l\u2019\u00e9ducation de ma jeune jument. J&rsquo;ai \u00e9norm\u00e9ment progress\u00e9 en travail \u00e0 pied avec elle, notamment gr\u00e2ce \u00e0 l&rsquo;\u00e9quitation \u00e9thologique.<\/p>\n\n\n\n<p><\/p>\n\n\n\n<figure class=\"wp-block-image aligncenter size-large is-resized has-custom-border\"><img alt=\"\" loading=\"lazy\" decoding=\"async\" width=\"386\" height=\"444\" src=\"https:\/\/www.inspirations-equestres.fr\/wp-content\/uploads\/2026\/03\/275f42_c487c59d56834541a6424e8b5a60fbfemv2.png\" alt=\"\" class=\"wp-image-155\" style=\"border-width:5px;aspect-ratio:0.8774292861266115;width:257px;height:auto\" srcset=\"https:\/\/www.inspirations-equestres.fr\/wp-content\/uploads\/2026\/03\/275f42_c487c59d56834541a6424e8b5a60fbfemv2.png 386w, https:\/\/www.inspirations-equestres.fr\/wp-content\/uploads\/2026\/03\/275f42_c487c59d56834541a6424e8b5a60fbfemv2-261x300.png 261w\" sizes=\"auto, (max-width: 386px) 100vw, 386px\" \/><\/figure>\n\n\n\n<p><\/p>\n\n\n\n<p class=\"has-text-align-center has-medium-font-size\">\u00c0 la suite d\u2019un projet familial d\u2019installation en Bretagne, un d\u00e9clic s\u2019est produit : lancer mon activit\u00e9 et renouer, \u00e0 ma mani\u00e8re, avec le milieu professionnel \u00e9quin.<\/p>\n\n\n\n<p class=\"has-text-align-center has-medium-font-size\">\u200bDurant ces dix ann\u00e9es d\u2019\u00ab errance \u00bb professionnelle et d\u2019introspection, les chevaux ont toujours \u00e9t\u00e9 \u00e0 mes c\u00f4t\u00e9s. Ils m\u2019accompagnent dans un travail sur moi-m\u00eame essentiel pour avancer &#8211; le plus align\u00e9e possible &#8211; sur mon chemin de vie.<\/p>\n\n\n\n<p class=\"has-text-align-center has-medium-font-size\">La psychologie et tout ce qui touche \u00e0 la sant\u00e9 mentale font \u00e9galement partie de mes centres d\u2019int\u00e9r\u00eat.<\/p>\n\n\n\n<p><\/p>\n\n\n\n<figure class=\"wp-block-image aligncenter size-large has-custom-border\"><img alt=\"\" loading=\"lazy\" decoding=\"async\" width=\"410\" height=\"314\" src=\"https:\/\/www.inspirations-equestres.fr\/wp-content\/uploads\/2026\/03\/275f42_121a6a470e814420af476a51eaabeabemv2.png\" alt=\"\" class=\"wp-image-152\" style=\"border-width:5px;aspect-ratio:1.2865898504535425;object-fit:cover\" srcset=\"https:\/\/www.inspirations-equestres.fr\/wp-content\/uploads\/2026\/03\/275f42_121a6a470e814420af476a51eaabeabemv2.png 410w, https:\/\/www.inspirations-equestres.fr\/wp-content\/uploads\/2026\/03\/275f42_121a6a470e814420af476a51eaabeabemv2-300x230.png 300w\" sizes=\"auto, (max-width: 410px) 100vw, 410px\" \/><\/figure>\n\n\n\n<p class=\"has-text-align-center has-medium-font-size\">\u200bAujourd\u2019hui, j\u2019aime partager avec celles et ceux qui le souhaitent, tout ce que les chevaux m\u2019enseignent et offrir au plus grand nombre, la possibilit\u00e9 de d\u00e9couvrir les bienfaits que les chevaux \u2014 et les animaux en g\u00e9n\u00e9ral \u2014 peuvent nous apporter.<\/p>\n<\/div>\n<\/div>\n\n\n\n<p><\/p>\n\n\n\n<p><\/p>\n\n\n\n<p><\/p>\n\n\n\n<p><\/p>\n\n\n\n<p><\/p>\n\n\n\n<p class=\"has-text-align-center has-large-font-size\"><strong><mark style=\"background-color:#62a5cc;color:#FFFFFF\" class=\"has-inline-color\">Pourquoi Inspirations Equestres ? un z\u00e8bre ? et un triangle ?<\/mark><\/strong><\/p>\n<\/div>\n\n\n\n<figure class=\"wp-block-image aligncenter size-full\"><img alt=\"\" loading=\"lazy\" decoding=\"async\" width=\"165\" height=\"133\" src=\"https:\/\/www.inspirations-equestres.fr\/wp-content\/uploads\/2026\/03\/4f366866-inspiration-equestres.png\" alt=\"\" class=\"wp-image-6\"\/><\/figure>\n\n\n\n<p class=\"has-text-align-center has-medium-font-size\"><mark style=\"background-color:#62a5cc;color:#FFFFFF\" class=\"has-inline-color\">I<strong>nspiration<\/strong><\/mark>&nbsp;: Souffle cr\u00e9ateur qui anime, qui guide. Action respiratoire essentielle \u00e0 la vie.<\/p>\n\n\n\n<p class=\"has-text-align-center has-medium-font-size\"><br><strong><mark style=\"background-color:#62a5cc;color:#FFFFFF\" class=\"has-inline-color\">\u00c9questre<\/mark><\/strong>&nbsp;: Relatif au chevaux et \u00e0 l\u2019\u00e9quitation.<\/p>\n\n\n\n<p class=\"has-text-align-center has-medium-font-size\"><br><strong><mark style=\"background-color:#62a5cc;color:#FFFFFF\" class=\"has-inline-color\">Z\u00e8bre<\/mark><\/strong>&nbsp;: Symbolise le courage, l\u2019unicit\u00e9, l\u2019adaptabilit\u00e9, l\u2019acceptation de nos contrastes int\u00e9rieurs.<\/p>\n\n\n\n<p class=\"has-text-align-center has-medium-font-size\"><br><strong><mark style=\"background-color:#62a5cc;color:#FFFFFF\" class=\"has-inline-color\">Triangle&nbsp;<\/mark><\/strong> : En zooth\u00e9rapie, l\u2019animal r\u00e9alise une m\u00e9diation entre l\u2019intervenant et le b\u00e9n\u00e9ficiaire, c\u2019est la triangulation.<\/p>\n","protected":false},"excerpt":{"rendered":"<p>Inspirations Equestres est un projet n\u00e9 suite \u00e0 la convergence de mes passions, en accord avec mes aspirations profondes. Gr\u00e2ce \u00e0 des exp\u00e9riences professionnelles vari\u00e9es, \u00e0 la richesse de rencontres humaines et \u00e9quines, et surtout de mon cheminement int\u00e9rieur. \u200b \u200bMon parcours Passionn\u00e9e par les chevaux depuis l\u2019enfance, j\u2019ai suivi un cursus d\u2019\u00e9quitation classique dans [&hellip;]<\/p>\n","protected":false},"author":1,"featured_media":163,"parent":0,"menu_order":0,"comment_status":"closed","ping_status":"closed","template":"","meta":{"_seopress_robots_primary_cat":"","_seopress_titles_title":"","_seopress_titles_desc":"","_seopress_robots_index":"","footnotes":""},"class_list":["post-10","page","type-page","status-publish","has-post-thumbnail","hentry"],"_links":{"self":[{"href":"https:\/\/www.inspirations-equestres.fr\/index.php\/wp-json\/wp\/v2\/pages\/10","targetHints":{"allow":["GET"]}}],"collection":[{"href":"https:\/\/www.inspirations-equestres.fr\/index.php\/wp-json\/wp\/v2\/pages"}],"about":[{"href":"https:\/\/www.inspirations-equestres.fr\/index.php\/wp-json\/wp\/v2\/types\/page"}],"author":[{"embeddable":true,"href":"https:\/\/www.inspirations-equestres.fr\/index.php\/wp-json\/wp\/v2\/users\/1"}],"replies":[{"embeddable":true,"href":"https:\/\/www.inspirations-equestres.fr\/index.php\/wp-json\/wp\/v2\/comments?post=10"}],"version-history":[{"count":35,"href":"https:\/\/www.inspirations-equestres.fr\/index.php\/wp-json\/wp\/v2\/pages\/10\/revisions"}],"predecessor-version":[{"id":407,"href":"https:\/\/www.inspirations-equestres.fr\/index.php\/wp-json\/wp\/v2\/pages\/10\/revisions\/407"}],"wp:featuredmedia":[{"embeddable":true,"href":"https:\/\/www.inspirations-equestres.fr\/index.php\/wp-json\/wp\/v2\/media\/163"}],"wp:attachment":[{"href":"https:\/\/www.inspirations-equestres.fr\/index.php\/wp-json\/wp\/v2\/media?parent=10"}],"curies":[{"name":"wp","href":"https:\/\/api.w.org\/{rel}","templated":true}]}}